 15040511 is divided by 185.
11
What is the remainder when 369572 is divided by 2980?
52
What is the remainder when 7595 is divided by 595?
455
What is the remainder when 751722808 is divided by 15?
13
What is the remainder when 5746056 is divided by 4683?
15
Calculate the remainder when 103606 is divided by 7750.
2856
Calculate the remainder when 125480 is divided by 408.
224
What is the remainder when 1818446 is divided by 150?
146
Calculate the remainder when 935086 is divided by 3569.
8
What is the remainder when 7999781 is divided by 14?
13
Calculate the remainder when 1622188 is divided by 485.
348
What is the remainder when 634209 is divided by 11?
4
Calculate the remainder when 4164574 is divided by 3485.
3484
What is the remainder when 4268737 is divided by 4479?
250
What is the remainder when 663091 is divided by 329410?
4271
Calculate the remainder when 13250254 is divided by 3475.
79
Calculate the remainder when 40602 is divided by 40511.
91
What is the remainder when 10641838 is divided by 145?
143
Calculate the remainder when 103999289 is divided by 5900.
5889
What is the remainder when 378118981 is divided by 603?
595
Calculate the remainder when 28415529 is divided by 3451.
3446
Calculate the remainder when 639606 is divided by 295.
46
Calculate the remainder when 4317018 is divided by 52.
30
Calculate the remainder when 719185 is divided by 9205.
1195
What is the remainder when 1432679 is divided by 7744?
39
Calculate the remainder when 10690192 is divided by 141.
136
Calculate the remainder when 140435421 is divided by 666.
663
Calculate the remainder when 190324 is divided by 17152.
1652
Calculate the remainder when 14709547 is divided by 44.
39
Calculate the remainder when 17058471 is divided by 2960.
2951
What is the remainder when 4334918 is divided by 9?
5
What is the remainder when 8519052 is divided by 2684?
36
What is the remainder when 946358 is divided by 453?
41
What is the remainder when 1256102 is divided by 2247?
29
Calculate the remainder when 312215 is divided by 312094.
121
What is the remainder when 854948 is divided by 2170?
2138
What is the remainder when 541234 is divided by 4706?
44
What is the remainder when 1549724 is divided by 15497?
24
Calculate the remainder when 11355726 is divided by 2509.
2501
What is the remainder when 111091 is divided by 27769?
15
Calculate the remainder when 291973 is divided by 1246.
409
Calculate the remainder when 1991234 is divided by 184.
170
What is the remainder when 6196185 is divided by 129087?
9
Calculate the remainder when 53794 is divided by 9410.
6744
What is the remainder when 171323 is divided by 15509?
724
Calculate the remainder when 327864 is divided by 18196.
336
Calculate the remainder when 1489219 is divided by 3142.
3053
What is the remainder when 9024123 is divided by 46?
27
What is the remainder when 1502166 is divided by 1502130?
36
Calculate the remainder when 4235990 is divided by 41126.
12
Calculate the remainder when 4273545 is divided by 2136771.
3
Calculate the remainder when 250304 is divided by 800.
704
Calculate the remainder when 359803 is divided by 4091.
3886
What is the remainder when 21158240 is divided by 558?
554
What is the remainder when 21045600 is divided by 153?
144
What is the remainder when 849288 is divided by 285?
273
Calculate the remainder when 3409471 is divided by 1577.
1574
Calculate the remainder when 491706 is divided by 11252.
7870
Calculate the remainder when 62934 is divided by 30773.
1388
What is the remainder when 396736731 is divided by 7?
6
What is the remainder when 55114974 is divided by 4239611?
31
What is the remainder when 895072 is divided by 101?
10
Calculate the remainder when 525291 is divided by 920.
891
What is the remainder when 41453363 is divided by 1480477?
7
What is the remainder when 10309717 is divided by 555?
37
Calculate the remainder when 29399 is divided by 215.
159
Calculate the remainder when 2038447 is divided by 3455.
3452
What is the remainder when 11471769 is divided by 604?
601
What is the remainder when 5997673 is divided by 2998820?
33
Calculate the remainder when 96346051 is divided by 47.
46
Calculate the remainder when 14607954 is divided by 11237.
11091
What is the remainder when 969144 is divided by 967632?
1512
Calculate the remainder when 4440491 is divided by 13.
3
What is the remainder when 12670546 is divided by 26?
18
Calculate the remainder when 135462 is divided by 4812.
726
What is the remainder when 319902 is divided by 159911?
80
Calculate the remainder when 10712477 is divided by 554.
333
Calculate the remainder when 36509 is divided by 403.
239
Calculate the remainder when 6273815 is divided by 361.
357
Calculate the remainder when 2383762 is divided by 8335.
8287
What is the remainder when 1804812 is divided by 49?
44
Calculate the remainder when 23680801 is divided by 7893599.
4
What is the remainder when 18459799 is divided by 2076?
7
Calculate the remainder when 319104 is divided by 105860.
1524
What is the remainder when 31688406 is divided by 3961048?
22
What is the remainder when 4143801 is divided by 1381261?
18
What is the remainder when 121671 is divided by 454?
453
What is the remainder when 70840274 is divided by 176659?
15
What is the remainder when 1477388 is divided by 12415?
3
Calculate the remainder when 1460110 is divided by 60.
10
What is the remainder when 1859736 is divided by 1312?
632
Calculate the remainder when 46533 is divided by 9253.
268
What is the remainder when 2609173 is divided by 81534?
85
What is the remainder when 728516 is divided by 1747?
17
What is the remainder when 223476 is divided by 185?
181
What is the remainder when 575406 is divided by 143652?
798
Calculate the remainder when 499 is divided by 353.
146
Calculate the remainder when 253449 is divided by 22.
9
What is the remainder when 86107835 is divided by 3640?
3635
Calculate the remainder when 897635 is divided by 2633.
2415
Calculate the remainder when 2395396 is divided by 36.
28
What is the remainder when 102089 is divided by 51043?
3
Calculate the remainder when 2423135 is divided by 80771.
5
Calculate the remainder when 188419250 is divided by 617768.
10
Calculate the remainder when 341552 is divided by 21342.
80
Calculate the remainder when 17575 is divided by 8523.
529
What is the remainder when 47275 is divided by 1483?
1302
What is the remainder when 2673234 is divided by 58113?
36
What is the remainder when 2847527 is divided by 231?
221
Calculate the remainder when 8501554 is divided by 1091.
482
What is the remainder when 1550829 is divided by 775329?
171
Calculate the remainder when 30222 is divided by 1733.
761
Calculate the remainder when 13216012 is divided by 1702.
1684
What is the remainder when 2452027 is divided by 450?
427
Calculate the remainder when 4949484 is divided by 1237358.
52
Calculate the remainder when 76475 is divided by 33074.
10327
What is the remainder when 1483487 is divided by 2688?
2399
What is the remainder when 46119945 is divided by 15?
0
What is the remainder when 350044 is divided by 116674?
22
What is the remainder when 8464592 is divided by 2116128?
80
What is the remainder when 5266354 is divided by 1611?
1606
Calculate the remainder when 13339424 is divided by 249.
245
Calculate the remainder when 9819606 is divided by 525.
6
Calculate the remainder when 621830 is divided by 448.
6
Calculate the remainder when 5620245 is divided by 709.
2
What is the remainder when 393638855 is divided by 61?
60
Calculate the remainder when 47071 is divided by 179.
173
What is the remainder when 8311868 is divided by 245?
243
What is the remainder when 499559 is divided by 10777?
3817
What is the remainder when 114145 is divided by 38042?
19
What is the remainder when 1061968 is divided by 183?
19
What is the remainder when 207470 is divided by 22281?
6941
What is the remainder when 5870169 is divided by 1245?
1239
Calculate the remainder when 107492243 is divided by 61.
56
What is the remainder when 31872309 is divided by 7968076?
5
What is the remainder when 40321622 is divided by 7?
5
What is the remainder when 158214 is divided by 1299?
1035
Calculate the remainder when 466978 is divided by 905.
903
Calculate the remainder whe